{"id":19,"date":"2019-04-23T15:39:41","date_gmt":"2019-04-23T15:39:41","guid":{"rendered":"http:\/\/administraram.com.co\/?page_id=19"},"modified":"2023-01-31T15:31:26","modified_gmt":"2023-01-31T20:31:26","slug":"servicios-principales","status":"publish","type":"page","link":"https:\/\/administraram.com.co\/index.php\/servicios-principales\/","title":{"rendered":"Servicios principales"},"content":{"rendered":"\t\t<div data-elementor-type=\"wp-post\" data-elementor-id=\"19\" class=\"elementor elementor-19\">\n\t\t\t\t\t\t<div class=\"elementor-inner\">\n\t\t\t\t<div class=\"elementor-section-wrap\">\n\t\t\t\t\t\t\t\t\t<section class=\"elementor-section elementor-top-section elementor-element elementor-element-511807d elementor-section-boxed elementor-section-height-default elementor-section-height-default\" data-id=\"511807d\" data-element_type=\"section\" data-settings=\"{&quot;background_background&quot;:&quot;classic&quot;}\">\n\t\t\t\t\t\t<div class=\"elementor-container elementor-column-gap-default\">\n\t\t\t\t\t\t\t<div class=\"elementor-row\">\n\t\t\t\t\t<div class=\"elementor-column elementor-col-100 elementor-top-column elementor-element elementor-element-a94abe8\" data-id=\"a94abe8\" data-element_type=\"column\">\n\t\t\t<div class=\"elementor-column-wrap elementor-element-populated\">\n\t\t\t\t\t\t\t<div class=\"elementor-widget-wrap\">\n\t\t\t\t\t\t<div class=\"elementor-element elementor-element-0fd3def elementor-widget elementor-widget-text-editor\" data-id=\"0fd3def\" data-element_type=\"widget\" data-widget_type=\"text-editor.default\">\n\t\t\t\t<div class=\"elementor-widget-container\">\n\t\t\t\t\t\t\t\t<div class=\"elementor-text-editor elementor-clearfix\">\n\t\t\t\t<p align=\"justify\">Su empresa cuenta con el mejor aliado para la operaci\u00f3n del \u00e1rea de Servicios Generales. Al darnos la operaci\u00f3n de estos servicios, nos permite contribuir a la eficiencia de su organizaci\u00f3n. Nuestra propuesta de servicio se ajustar\u00e1 a la necesidad de la empresa, ofreciendo los mejores tiempos de respuesta a sus requerimientos con precios muy competitivos.<\/p>\t\t\t\t\t<\/div>\n\t\t\t\t\t\t<\/div>\n\t\t\t\t<\/div>\n\t\t\t\t<section class=\"elementor-section elementor-inner-section elementor-element elementor-element-37b84d9 elementor-section-boxed elementor-section-height-default elementor-section-height-default\" data-id=\"37b84d9\" data-element_type=\"section\">\n\t\t\t\t\t\t<div class=\"elementor-container elementor-column-gap-default\">\n\t\t\t\t\t\t\t<div class=\"elementor-row\">\n\t\t\t\t\t<div class=\"elementor-column elementor-col-50 elementor-inner-column elementor-element elementor-element-4f15125\" data-id=\"4f15125\" data-element_type=\"column\">\n\t\t\t<div class=\"elementor-column-wrap elementor-element-populated\">\n\t\t\t\t\t\t\t<div class=\"elementor-widget-wrap\">\n\t\t\t\t\t\t<div class=\"elementor-element elementor-element-3b40497 elementor-widget elementor-widget-image\" data-id=\"3b40497\" data-element_type=\"widget\" data-widget_type=\"image.default\">\n\t\t\t\t<div class=\"elementor-widget-container\">\n\t\t\t\t\t\t\t\t<div class=\"elementor-image\">\n\t\t\t\t\t\t\t\t\t\t\t\t<img width=\"580\" height=\"399\" src=\"https:\/\/administraram.com.co\/wp-content\/uploads\/2019\/05\/serlimpieza.png\" class=\"attachment-large size-large\" alt=\"\" loading=\"lazy\" srcset=\"https:\/\/administraram.com.co\/wp-content\/uploads\/2019\/05\/serlimpieza.png 580w, https:\/\/administraram.com.co\/wp-content\/uploads\/2019\/05\/serlimpieza-300x206.png 300w\" sizes=\"(max-width: 580px) 100vw, 580px\" \/>\t\t\t\t\t\t\t\t\t\t\t\t\t\t<\/div>\n\t\t\t\t\t\t<\/div>\n\t\t\t\t<\/div>\n\t\t\t\t\t\t<\/div>\n\t\t\t\t\t<\/div>\n\t\t<\/div>\n\t\t\t\t<div class=\"elementor-column elementor-col-50 elementor-inner-column elementor-element elementor-element-7a9b400\" data-id=\"7a9b400\" data-element_type=\"column\">\n\t\t\t<div class=\"elementor-column-wrap elementor-element-populated\">\n\t\t\t\t\t\t\t<div class=\"elementor-widget-wrap\">\n\t\t\t\t\t\t<div class=\"elementor-element elementor-element-55c6c21 elementor-widget elementor-widget-heading\" data-id=\"55c6c21\" data-element_type=\"widget\" data-widget_type=\"heading.default\">\n\t\t\t\t<div class=\"elementor-widget-container\">\n\t\t\t<h2 class=\"elementor-heading-title elementor-size-default\">Servicios de aseo y limpieza<\/h2>\t\t<\/div>\n\t\t\t\t<\/div>\n\t\t\t\t<div class=\"elementor-element elementor-element-7c858fd elementor-widget elementor-widget-text-editor\" data-id=\"7c858fd\" data-element_type=\"widget\" data-widget_type=\"text-editor.default\">\n\t\t\t\t<div class=\"elementor-widget-container\">\n\t\t\t\t\t\t\t\t<div class=\"elementor-text-editor elementor-clearfix\">\n\t\t\t\t<p align=\"justify\">Ofrecemos un programa especializado en servicios de limpieza y desinfecci\u00f3n, especialmente dise\u00f1ado para cumplir sus requerimientos y mantener instalaciones limpias, seguras y atractivas. Contamos con disponibilidad de personal capacitado y equipo para cada uno de los casos de acuerdo a su necesidad.<\/p><p align=\"justify\"><span style=\"font-family: Roboto, sans-serif; font-size: 14px; font-style: normal; font-weight: 400;\">El servicio que le ofrecemos incluye: Limpieza de pisos, alfombras, muros, columnas, divisiones, puertas, ventanas, mobiliario, escaleras, sanitarios, vidrios interiores y exteriores, acr\u00edlicos, tel\u00e9fonos, cestas de basura, tapetes atrapa mugre, y todo acabado que no requiera instalaci\u00f3n especial para su limpieza.<\/span><\/p><p align=\"justify\"><strong><span style=\"font-family: Roboto, sans-serif; font-size: 14px; font-style: normal;\">Garantizamos el perfecto estado de limpieza de su organizaci\u00f3n en los siguientes sectores, entre otros:<\/span><\/strong><span style=\"font-family: Roboto, sans-serif; font-size: 14px; font-style: normal; font-weight: 400;\"><br \/><\/span><\/p><ul><li>Edificios y Conjuntos Residenciales.<\/li><li>Centros Comerciales.<\/li><li>Empresas del Sector Privado.<\/li><li>Oficinas y Negocios.<\/li><li>Entidades Prestadoras de Servicio de Salud P\u00fablicas y Privadas.<\/li><li>Entidades Bancar\u00edas.\u00a0<\/li><\/ul>\t\t\t\t\t<\/div>\n\t\t\t\t\t\t<\/div>\n\t\t\t\t<\/div>\n\t\t\t\t\t\t<\/div>\n\t\t\t\t\t<\/div>\n\t\t<\/div>\n\t\t\t\t\t\t\t\t<\/div>\n\t\t\t\t\t<\/div>\n\t\t<\/section>\n\t\t\t\t<section class=\"elementor-section elementor-inner-section elementor-element elementor-element-e32559e elementor-section-boxed elementor-section-height-default elementor-section-height-default\" data-id=\"e32559e\" data-element_type=\"section\">\n\t\t\t\t\t\t<div class=\"elementor-container elementor-column-gap-default\">\n\t\t\t\t\t\t\t<div class=\"elementor-row\">\n\t\t\t\t\t<div class=\"elementor-column elementor-col-33 elementor-inner-column elementor-element elementor-element-3f4ed0c\" data-id=\"3f4ed0c\" data-element_type=\"column\">\n\t\t\t<div class=\"elementor-column-wrap\">\n\t\t\t\t\t\t\t<div class=\"elementor-widget-wrap\">\n\t\t\t\t\t\t\t\t<\/div>\n\t\t\t\t\t<\/div>\n\t\t<\/div>\n\t\t\t\t<div class=\"elementor-column elementor-col-33 elementor-inner-column elementor-element elementor-element-f64cbee\" data-id=\"f64cbee\" data-element_type=\"column\">\n\t\t\t<div class=\"elementor-column-wrap elementor-element-populated\">\n\t\t\t\t\t\t\t<div class=\"elementor-widget-wrap\">\n\t\t\t\t\t\t<div class=\"elementor-element elementor-element-77d6971 elementor-widget elementor-widget-heading\" data-id=\"77d6971\" data-element_type=\"widget\" data-widget_type=\"heading.default\">\n\t\t\t\t<div class=\"elementor-widget-container\">\n\t\t\t<h2 class=\"elementor-heading-title elementor-size-default\">Servicio de administraci\u00f3n y gesti\u00f3n del talento humano<\/h2>\t\t<\/div>\n\t\t\t\t<\/div>\n\t\t\t\t<div class=\"elementor-element elementor-element-38679aa elementor-widget elementor-widget-text-editor\" data-id=\"38679aa\" data-element_type=\"widget\" data-widget_type=\"text-editor.default\">\n\t\t\t\t<div class=\"elementor-widget-container\">\n\t\t\t\t\t\t\t\t<div class=\"elementor-text-editor elementor-clearfix\">\n\t\t\t\t<ul><li>Se garantiza el manejo de la n\u00f3mina electr\u00f3nica y el pago de seguridad social, teniendo en cuenta los par\u00e1metros en las normas laborales vigentes.<\/li><li>No contrae ning\u00fan tipo de relaci\u00f3n laboral con el personal que prestar\u00e1 el servicio.<\/li><li>Disminuci\u00f3n de riesgos y cargas laborales.<\/li><li>El manejo de los empleados est\u00e1 a cargo exclusiva del contratante.<\/li><li>Vinculaci\u00f3n y tr\u00e1mite en la contrataci\u00f3n de su personal de planta, ofreciendo mediante este servicio calidad y agilidad en el proceso.<\/li><li>La satisfacci\u00f3n de nuestros empleados por el pago oportuno de su salario, prestaciones y subsidios a que tenga derecho; lo cual se manifiesta en un agrado al trabajar y un buen desempe\u00f1o en sus funciones.<\/li><li>Acompa\u00f1amiento permanente de la coordinadora de Seguridad y Salud en el Trabajo.<\/li><\/ul>\t\t\t\t\t<\/div>\n\t\t\t\t\t\t<\/div>\n\t\t\t\t<\/div>\n\t\t\t\t\t\t<\/div>\n\t\t\t\t\t<\/div>\n\t\t<\/div>\n\t\t\t\t<div class=\"elementor-column elementor-col-33 elementor-inner-column elementor-element elementor-element-adfac87\" data-id=\"adfac87\" data-element_type=\"column\">\n\t\t\t<div class=\"elementor-column-wrap elementor-element-populated\">\n\t\t\t\t\t\t\t<div class=\"elementor-widget-wrap\">\n\t\t\t\t\t\t<div class=\"elementor-element elementor-element-8436596 elementor-widget elementor-widget-image\" data-id=\"8436596\" data-element_type=\"widget\" data-widget_type=\"image.default\">\n\t\t\t\t<div class=\"elementor-widget-container\">\n\t\t\t\t\t\t\t\t<div class=\"elementor-image\">\n\t\t\t\t\t\t\t\t\t\t\t\t<img width=\"992\" height=\"597\" src=\"https:\/\/administraram.com.co\/wp-content\/uploads\/2022\/09\/GestionTalentoHumano.png\" class=\"attachment-large size-large\" alt=\"\" loading=\"lazy\" srcset=\"https:\/\/administraram.com.co\/wp-content\/uploads\/2022\/09\/GestionTalentoHumano.png 992w, https:\/\/administraram.com.co\/wp-content\/uploads\/2022\/09\/GestionTalentoHumano-300x181.png 300w, https:\/\/administraram.com.co\/wp-content\/uploads\/2022\/09\/GestionTalentoHumano-768x462.png 768w, https:\/\/administraram.com.co\/wp-content\/uploads\/2022\/09\/GestionTalentoHumano-570x342.png 570w\" sizes=\"(max-width: 992px) 100vw, 992px\" \/>\t\t\t\t\t\t\t\t\t\t\t\t\t\t<\/div>\n\t\t\t\t\t\t<\/div>\n\t\t\t\t<\/div>\n\t\t\t\t\t\t<\/div>\n\t\t\t\t\t<\/div>\n\t\t<\/div>\n\t\t\t\t\t\t\t\t<\/div>\n\t\t\t\t\t<\/div>\n\t\t<\/section>\n\t\t\t\t<section class=\"elementor-section elementor-inner-section elementor-element elementor-element-a5b8f8b elementor-section-boxed elementor-section-height-default elementor-section-height-default\" data-id=\"a5b8f8b\" data-element_type=\"section\">\n\t\t\t\t\t\t<div class=\"elementor-container elementor-column-gap-default\">\n\t\t\t\t\t\t\t<div class=\"elementor-row\">\n\t\t\t\t\t<div class=\"elementor-column elementor-col-33 elementor-inner-column elementor-element elementor-element-5721883\" data-id=\"5721883\" data-element_type=\"column\">\n\t\t\t<div class=\"elementor-column-wrap elementor-element-populated\">\n\t\t\t\t\t\t\t<div class=\"elementor-widget-wrap\">\n\t\t\t\t\t\t<div class=\"elementor-element elementor-element-d9a2d7d elementor-widget elementor-widget-image\" data-id=\"d9a2d7d\" data-element_type=\"widget\" data-widget_type=\"image.default\">\n\t\t\t\t<div class=\"elementor-widget-container\">\n\t\t\t\t\t\t\t\t<div class=\"elementor-image\">\n\t\t\t\t\t\t\t\t\t\t\t\t<img width=\"1000\" height=\"664\" src=\"https:\/\/administraram.com.co\/wp-content\/uploads\/2022\/09\/Cafeteria.png\" class=\"attachment-large size-large\" alt=\"\" loading=\"lazy\" srcset=\"https:\/\/administraram.com.co\/wp-content\/uploads\/2022\/09\/Cafeteria.png 1000w, https:\/\/administraram.com.co\/wp-content\/uploads\/2022\/09\/Cafeteria-300x199.png 300w, https:\/\/administraram.com.co\/wp-content\/uploads\/2022\/09\/Cafeteria-768x510.png 768w, https:\/\/administraram.com.co\/wp-content\/uploads\/2022\/09\/Cafeteria-285x190.png 285w\" sizes=\"(max-width: 1000px) 100vw, 1000px\" \/>\t\t\t\t\t\t\t\t\t\t\t\t\t\t<\/div>\n\t\t\t\t\t\t<\/div>\n\t\t\t\t<\/div>\n\t\t\t\t\t\t<\/div>\n\t\t\t\t\t<\/div>\n\t\t<\/div>\n\t\t\t\t<div class=\"elementor-column elementor-col-33 elementor-inner-column elementor-element elementor-element-6ed0eb3\" data-id=\"6ed0eb3\" data-element_type=\"column\">\n\t\t\t<div class=\"elementor-column-wrap elementor-element-populated\">\n\t\t\t\t\t\t\t<div class=\"elementor-widget-wrap\">\n\t\t\t\t\t\t<div class=\"elementor-element elementor-element-165621c elementor-widget elementor-widget-heading\" data-id=\"165621c\" data-element_type=\"widget\" data-widget_type=\"heading.default\">\n\t\t\t\t<div class=\"elementor-widget-container\">\n\t\t\t<h2 class=\"elementor-heading-title elementor-size-default\">Servicio de cafeter\u00eda<\/h2>\t\t<\/div>\n\t\t\t\t<\/div>\n\t\t\t\t<div class=\"elementor-element elementor-element-4c65081 elementor-widget elementor-widget-text-editor\" data-id=\"4c65081\" data-element_type=\"widget\" data-widget_type=\"text-editor.default\">\n\t\t\t\t<div class=\"elementor-widget-container\">\n\t\t\t\t\t\t\t\t<div class=\"elementor-text-editor elementor-clearfix\">\n\t\t\t\t<p>El servicio de cafeter\u00eda est\u00e1 enfocado a preparar t\u00e9cnicamente, bebidas fr\u00edas y calientes como tinto y agua arom\u00e1tica, suministrar servicios diarios de cafeter\u00eda y refrigerios de manera personalizada en los puestos de trabajo, asegur\u00e1ndonos que tendr\u00e1n mayor tiempo productivo.<\/p>\t\t\t\t\t<\/div>\n\t\t\t\t\t\t<\/div>\n\t\t\t\t<\/div>\n\t\t\t\t\t\t<\/div>\n\t\t\t\t\t<\/div>\n\t\t<\/div>\n\t\t\t\t<div class=\"elementor-column elementor-col-33 elementor-inner-column elementor-element elementor-element-7e368a8\" data-id=\"7e368a8\" data-element_type=\"column\">\n\t\t\t<div class=\"elementor-column-wrap\">\n\t\t\t\t\t\t\t<div class=\"elementor-widget-wrap\">\n\t\t\t\t\t\t\t\t<\/div>\n\t\t\t\t\t<\/div>\n\t\t<\/div>\n\t\t\t\t\t\t\t\t<\/div>\n\t\t\t\t\t<\/div>\n\t\t<\/section>\n\t\t\t\t<section class=\"elementor-section elementor-inner-section elementor-element elementor-element-1217494 elementor-section-boxed elementor-section-height-default elementor-section-height-default\" data-id=\"1217494\" data-element_type=\"section\">\n\t\t\t\t\t\t<div class=\"elementor-container elementor-column-gap-default\">\n\t\t\t\t\t\t\t<div class=\"elementor-row\">\n\t\t\t\t\t<div class=\"elementor-column elementor-col-33 elementor-inner-column elementor-element elementor-element-f7285b4\" data-id=\"f7285b4\" data-element_type=\"column\">\n\t\t\t<div class=\"elementor-column-wrap\">\n\t\t\t\t\t\t\t<div class=\"elementor-widget-wrap\">\n\t\t\t\t\t\t\t\t<\/div>\n\t\t\t\t\t<\/div>\n\t\t<\/div>\n\t\t\t\t<div class=\"elementor-column elementor-col-33 elementor-inner-column elementor-element elementor-element-5f5c0d7\" data-id=\"5f5c0d7\" data-element_type=\"column\">\n\t\t\t<div class=\"elementor-column-wrap elementor-element-populated\">\n\t\t\t\t\t\t\t<div class=\"elementor-widget-wrap\">\n\t\t\t\t\t\t<div class=\"elementor-element elementor-element-593fb9e elementor-widget elementor-widget-heading\" data-id=\"593fb9e\" data-element_type=\"widget\" data-widget_type=\"heading.default\">\n\t\t\t\t<div class=\"elementor-widget-container\">\n\t\t\t<h2 class=\"elementor-heading-title elementor-size-default\">Servicio de limpieza por horas <\/h2>\t\t<\/div>\n\t\t\t\t<\/div>\n\t\t\t\t<div class=\"elementor-element elementor-element-6e483ad elementor-widget elementor-widget-text-editor\" data-id=\"6e483ad\" data-element_type=\"widget\" data-widget_type=\"text-editor.default\">\n\t\t\t\t<div class=\"elementor-widget-container\">\n\t\t\t\t\t\t\t\t<div class=\"elementor-text-editor elementor-clearfix\">\n\t\t\t\t<p align=\"justify\">Nuestro servicio de limpieza asegura tener su hogar u oficina en perfectas condiciones. Contrate el servicio de acuerdo a sus condiciones, en el horario que m\u00e1s le convenga, el servicio puede ser contratado por tiempo parcial de lunes a domingo seg\u00fan su preferencia.<br>Nuestra propuesta de servicio se ajustar\u00e1 a la necesidad de su hogar u oficina, ofreciendo los mejores&nbsp;tiempos de respuesta a sus requerimientos con precios muy competitivos.<br><strong>Beneficios:<\/strong><\/p>\n<ul>\n<li>Servicio Dom\u00e9stico por d\u00edas o por horas.<\/li>\n<li>Profesionales de limpieza con todas las Prestaciones sociales y afiliaciones de Ley.<\/li>\n<li>Experiencia y calidad.<\/li>\n<\/ul>\t\t\t\t\t<\/div>\n\t\t\t\t\t\t<\/div>\n\t\t\t\t<\/div>\n\t\t\t\t\t\t<\/div>\n\t\t\t\t\t<\/div>\n\t\t<\/div>\n\t\t\t\t<div class=\"elementor-column elementor-col-33 elementor-inner-column elementor-element elementor-element-ca158df\" data-id=\"ca158df\" data-element_type=\"column\">\n\t\t\t<div class=\"elementor-column-wrap elementor-element-populated\">\n\t\t\t\t\t\t\t<div class=\"elementor-widget-wrap\">\n\t\t\t\t\t\t<div class=\"elementor-element elementor-element-38fe813 elementor-widget elementor-widget-image\" data-id=\"38fe813\" data-element_type=\"widget\" data-widget_type=\"image.default\">\n\t\t\t\t<div class=\"elementor-widget-container\">\n\t\t\t\t\t\t\t\t<div class=\"elementor-image\">\n\t\t\t\t\t\t\t\t\t\t\t\t<img width=\"998\" height=\"714\" src=\"https:\/\/administraram.com.co\/wp-content\/uploads\/2022\/09\/limpieza.png\" class=\"attachment-large size-large\" alt=\"\" loading=\"lazy\" srcset=\"https:\/\/administraram.com.co\/wp-content\/uploads\/2022\/09\/limpieza.png 998w, https:\/\/administraram.com.co\/wp-content\/uploads\/2022\/09\/limpieza-300x215.png 300w, https:\/\/administraram.com.co\/wp-content\/uploads\/2022\/09\/limpieza-768x549.png 768w\" sizes=\"(max-width: 998px) 100vw, 998px\" \/>\t\t\t\t\t\t\t\t\t\t\t\t\t\t<\/div>\n\t\t\t\t\t\t<\/div>\n\t\t\t\t<\/div>\n\t\t\t\t\t\t<\/div>\n\t\t\t\t\t<\/div>\n\t\t<\/div>\n\t\t\t\t\t\t\t\t<\/div>\n\t\t\t\t\t<\/div>\n\t\t<\/section>\n\t\t\t\t\t\t<\/div>\n\t\t\t\t\t<\/div>\n\t\t<\/div>\n\t\t\t\t\t\t\t\t<\/div>\n\t\t\t\t\t<\/div>\n\t\t<\/section>\n\t\t\t\t\t\t\t\t\t<\/div>\n\t\t\t<\/div>\n\t\t\t\t\t<\/div>\n\t\t","protected":false},"excerpt":{"rendered":"<p>Su empresa cuenta con el mejor aliado para la operaci\u00f3n del \u00e1rea de Servicios Generales. Al darnos la operaci\u00f3n de estos servicios, nos permite contribuir a la eficiencia de su organizaci\u00f3n. Nuestra propuesta de servicio se ajustar\u00e1 a la necesidad de la empresa, ofreciendo los mejores tiempos de respuesta a sus requerimientos con precios muy<\/p>\n<p class=\"more-link\"><a href=\"https:\/\/administraram.com.co\/index.php\/servicios-principales\/\" class=\"themebutton\">Read More<\/a><\/p>\n","protected":false},"author":1,"featured_media":0,"parent":0,"menu_order":0,"comment_status":"closed","ping_status":"closed","template":"elementor_header_footer","meta":[],"_links":{"self":[{"href":"https:\/\/administraram.com.co\/index.php\/wp-json\/wp\/v2\/pages\/19"}],"collection":[{"href":"https:\/\/administraram.com.co\/index.php\/wp-json\/wp\/v2\/pages"}],"about":[{"href":"https:\/\/administraram.com.co\/index.php\/wp-json\/wp\/v2\/types\/page"}],"author":[{"embeddable":true,"href":"https:\/\/administraram.com.co\/index.php\/wp-json\/wp\/v2\/users\/1"}],"replies":[{"embeddable":true,"href":"https:\/\/administraram.com.co\/index.php\/wp-json\/wp\/v2\/comments?post=19"}],"version-history":[{"count":26,"href":"https:\/\/administraram.com.co\/index.php\/wp-json\/wp\/v2\/pages\/19\/revisions"}],"predecessor-version":[{"id":702,"href":"https:\/\/administraram.com.co\/index.php\/wp-json\/wp\/v2\/pages\/19\/revisions\/702"}],"wp:attachment":[{"href":"https:\/\/administraram.com.co\/index.php\/wp-json\/wp\/v2\/media?parent=19"}],"curies":[{"name":"wp","href":"https:\/\/api.w.org\/{rel}","templated":true}]}}